 719*u**2 - 3403*u + 369469. What is t(723)?
16
Let p(z) = -z**3 + 24*z**2 - 36*z + 1424. Give p(25).
-101
Let d(g) = -g**3 - 38*g**2 - 247*g + 2307. Determine d(-21).
-3
Let m(v) = v**3 - 58*v**2 + 404*v - 13218. Determine m(55).
-73
Let f(n) = -4*n**2 - 556*n + 969. Calculate f(-141).
-159
Let k(n) = 1099088*n + 15387227. Give k(-14).
-5
Let d(c) = 4*c**2 + 300*c + 4646. What is d(-22)?
-18
Let h(l) = -2722*l + 43781. Calculate h(16).
229
Let y(c) = 2*c**2 + 877*c + 3897. Determine y(-434).
-9
Let o(p) = 3*p**3 - 633*p**2 + 630*p + 45. Calculate o(210).
45
Let h(u) = -u**3 + 37*u**2 - 95*u - 240. Calculate h(34).
-2
Let h(w) = 1530*w + 99452. Determine h(-65).
2
Let k(f) = -78573*f - 8014437. Calculate k(-102).
9
Let l(h) = -4177*h - 1837. Give l(-1).
2340
Let g(s) = -s**2 - 11500*s - 458397. Calculate g(-40).
3
Let a(l) = -208*l + 7742. Give a(56).
-3906
Let a(y) = 278*y - 7153. Determine a(27).
353
Let n(o) = -o**3 - 101*o**2 - 326*o - 2993. Give n(-98).
143
Let h(x) = -2871*x + 184926. What is h(64)?
1182
Let z(m) = -208*m - 58471. Give z(-281).
-23
Let k(l) = -43*l**2 + 171*l - 22. Calculate k(2).
148
Let f(g) = -7012*g + 2860895. Give f(408).
-1
Let u(x) = 2*x**3 + 52*x**2 + 90*x - 602. What is u(-5)?
-2
Let r(k) = -k**2 - 1037*k - 39900. Give r(-40).
-20
Let x(g) = 468152*g - 8. Calculate x(0).
-8
Let d(y) = 6*y**3 - 7*y**2 - 166*y - 467. What is d(-3)?
-194
Let g(b) = 2*b**3 + 384*b**2 - 1973*b - 491. What is g(-197)?
100
Let p(y) = -46*y**2 + 8567*y + 8572. Give p(-1).
-41
Let q(g) = -6*g**2 + 500*g + 2966. Give q(89).
-60
Let h(b) = 13*b**3 - 150*b**2 - 7*b - 5. Determine h(-3).
-1685
Let z(c) = 533*c + 16174. What is z(-30)?
184
Let h(z) = 2*z**2 + 62*z + 68. Calculate h(-26).
-192
Let w(g) = 9892*g + 59401. What is w(-6)?
49
Let q(o) = -3*o**2 - 15212*o - 91199. Determine q(-6).
-35
Let r(b) = -b**2 + 32*b - 240. What is r(16)?
16
Let t(x) = -2883*x - 43174. What is t(-14)?
-2812
Let z(t) = -14*t**3 - 65*t**2 - t + 82. What is z(-4)?
-58
Let q(m) = 338*m - 29071. Calculate q(87).
335
Let r(k) = 5580*k + 965249. Determine r(-173).
-91
Let p(b) = b**3 + 48*b**2 - 1842*b - 88799. Calculate p(-44).
-7
Let k(q) = -q**3 + 57*q**2 - 2852*q + 181921. Give k(60).
1
Let v(q) = 9*q**2 + 1947*q - 26814. Give v(13).
18
Let i(n) = -43*n**2 - 2112*n + 3238. Give i(-51).
-893
Let g(s) = s + 2044. Determine g(-30).
2014
Let p(j) = -749762*j + 2999048. Give p(4).
0
Let k(h) = -31*h**2 - 1563*h - 641. Give k(-50).
9
Let q(v) = 63*v**2 + 603*v + 2432. What is q(-4)?
1028
Let h(l) = l**3 + 285*l**2 + 5403*l - 11955. What is h(2)?
-1
Let y(d) = -d**3 + 219*d**2 - 1502*d + 92426. What is y(214)?
-22
Let y(j) = 22404*j - 156562. Calculate y(7).
266
Let x(k) = 758*k + 26778. Give x(-42).
-5058
Let j(s) = 246*s + 64003. Give j(-256).
1027
Let g(v) = -241*v + 25617. Determine g(102).
1035
Let i(l) = -17*l**2 - 7131*l + 14246. Determine i(2).
-84
Let j(w) = w**2 + 656*w + 1309. What is j(-2)?
1
Let g(j) = -730*j - 12324. What is g(-17)?
86
Let q(z) = z**3 + 197*z**2 - 390*z + 2106. Give q(-199).
514
Let m(b) = 75*b**2 + 5304*b + 3881. What is m(-70)?
101
Let n(r) = 4*r**3 + 840*r**2 - 153*r - 32143. What is n(-210)?
-13
Let t(h) = 6*h**2 - 110*h + 527. Determine t(8).
31
Let k(t) = 3092*t + 108225. What is k(-35)?
5
Let p(a) = a**3 + 28*a**2 + 2568*a + 71885. What is p(-28)?
-19
Let t(n) = n**3 + 101*n**2 - 320*n - 5. Determine t(-104).
827
Let c(d) = -2*d**3 - 35*d**2 + 192*d + 285. Give c(7).
-772
Let x(q) = -1100*q + 2529. Give x(3).
-771
Let u(o) = 432*o + 7936. Give u(-18).
160
Let z(q) = -7*q**2 + 508*q - 9193. Calculate z(37).
20
Let u(c) = c**2 + 60577*c + 181716. Determine u(-3).
-6
Let g(f) = -f**3 + 23*f**2 + 3257*f - 77607. Calculate g(24).
-15
Let h(c) = -c**2 + 544*c + 3292. Determine h(-6).
-8
Let w(b) = b**3 + 359*b**2 + 897*b - 60870. Determine w(-356).
6
Let y(t) = t**2 - 176*t + 3979. Determine y(44).
-1829
Let x(t) = -t**3 - 37*t**2 - 2138*t - 86440. Give x(-39).
-16
Let o(i) = 8*i**2 - 41*i - 1249. Give o(15).
-64
Let j(u) = u**3 - 587*u**2 - 2554*u + 112297. Give j(591).
7
Let v(g) = 56*g**2 - 1638*g + 6546. What is v(4)?
890
Let b(a) = 31*a**2 + 919*a - 390. Give b(-30).
-60
Let c(m) = m**2 + 10154*m + 293622. Determine c(-29).
-3
Let m(j) = 252*j - 513. What is m(3)?
243
Let b(x) = -x**2 + 1073*x - 13701. Determine b(13).
79
Let b(i) = -226*i**2 + 86737*i + 18072. Give b(384).
24
Let w(z) = 1223*z - 19639. Give w(16).
-71
Let d(g) = -5*g**3 - 32*g**2 - 345*g - 932. Calculate d(-6).
1066
Let z(w) = -w**3 - 200*w**2 + 3016*w + 4292. What is z(-214)?
12
Let c(s) = 4*s**2 + 1045*s + 64726. Give c(-101).
-15
Let k(g) = 441*g**2 - 1547*g - 860. Calculate k(4).
8
Let g(q) = -q**2 - 1340*q - 19897. Give g(-15).
-22
Let q(c) = -c**3 + 542*c**2 + 1385*c + 738456. Determine q(547).
6
Let a(n) = 409*n**2 + 2721*n - 1013. Determine a(-7).
-19
Let r(y) = -y**2 - 91010*y + 4006384. Determine r(44).
8
Let w(j) = -8*j**2 - 130*j - 358. What is w(-13)?
-20
Let t(m) = -763*m + 2280. Determine t(3).
-9
Let s(p) = -195*p + 26303. What is s(133)?
368
Let p(w) = 244*w + 56076. Calculate p(-234).
-1020
Let m(i) = -246*i - 832. Calculate m(-3).
-94
Let y(z) = z**2 + 32037*z + 256292. Calculate y(-8).
60
Let z(m) = 145470*m - 58333474. Give z(401).
-4
Let a(y) = -365*y**2 + 1181*y - 264. Give a(3).
-6
Let o(k) = 3247*k + 16215. What is o(-5)?
-20
Let j(m) = 1913*m - 132058. Give j(69).
-61
Let k(c) = -10*c**3 + 157*c**2 + 18*c + 82. Calculate k(16).
-398
Let o(s) = s**3 - 119*s**2 - 243*s + 200. Calculate o(121).
79
Let g(c) = 44*c**2 - 6460*c - 1133. What is g(147)?
43
Let b(z) = -40*z - 2968. Determine b(-65).
-368
Let g(n) = -38*n**3 - 12*n**2 - 5*n + 7. Give g(0).
7
Let q(k) = -11698*k - 35078. Determine q(-3).
16
Let q(j) = 21*j**2 - 417*j - 3522. Determine q(26).
-168
Let l(j) = -129*j**2 - 25158*j - 618. What is l(-195)?
-33
Let i(p) = 63*p - 14888. What is i(231)?
-335
Let c(p) = -14754*p - 7583558. Calculate c(-514).
-2
Let l(r) = -r**3 + 34*r**2 + 22*r - 254. Calculate l(33).
1561
Let f(g) = -5*g**3 - 260*g**2 + 525*g - 4. Determine f(2).
-34
Let o(a) = -72*a**3 + 412*a**2 + 436*a + 24. Give o(-1).
72
Let q(l) = -1190*l - 512850. What is q(-431)?
40
Let z(c) = c**3 - 121*c**2 + 2374*c + 210. What is z(25)?
-440
Let k(j) = 295180*j - 3837359. Determine k(13).
-19
Let k(j) = -746*j + 5804. Determine k(6).
1328
Let s(o) = -34*o**2 + 7353*o + 94. Give s(216).
2038
Let w(s) = -422*s + 245513. Calculate w(582).
-91
Let u(k) = -4482*k - 161466. Calculate u(-36).
-114
Let p(k) = 1278*k - 140570. Determine p(110).
10
Let m(h) = 7739*h - 15583. What is m(2)?
-105
Let y(f) = -8694*f - 52247. Calculate y(-6).
-83
Let v(p) = p**2 + 4881*p - 39083. Give v(8).
29
Let u(z) = -5*z**3 - 460*z**2 + 488*z + 2132. Calculate u(-93).
-7
Let m(s) = -2*s**2 - 138*s - 1453. Give m(-12).
-85
Let u(j) = 6*j**2 + 141*j + 443. Give u(-3).
74
Let a(s) = -8*s**3 + 2*s**2 - 23. What is a(3)?
-221
Let j(t) = 154*t**2 - 982*t - 672. Determine j(7).
0
Let n(d) = -1001*d**2 - 249244*d + 1231. What is n(-249)?
-14
Let x(g) = -851*g + 36433. Give x(43).
-160
Let q(h) = -2248*h - 777810. Determine q(-346).
-2
Let m(u) = -u**2 - 76289*u - 20070604. Determine m(-264).
-4
Let r(c) = -2*c**2 - 115*c + 3033. Determine r(-77).
30
Let a(d) = d**2 - 299*d - 113432. Calculate a(-219).
10
Let i(w) = -w**3 + 43*w**2 - 381*w + 29. What is i(14)?
379
Let o(g) = 44*g + 3148. Determine o(-31).
1784
Let v(j) = -j**3 - 28*j**2 - 12*j - 1685. Calculate v(-27).
-2090
Let x(o) = -o**3 + 22*o**2 - 7*o - 32. Calculate x(18).
1138
Let k(u) = -12587*u - 1082648. Give k(-86).
-166
Let d(w) = 118*w**3 + 123*w**2 - 120*w + 2. What is d(1)?
123
Let t(i) = -977*i**2 - 443545*i + 5878. Give t(-454).
-24
Let m(l) = 8023*l - 1660881. What is m(207)?
-120
Let a(f) = -5*f**3 + 9*f**2 + 8*f - 61. Calculate a(2).
-49
Let v(y) = -y**3 - 106*y**2 - 677*y + 568. What is v(-99)?
-1016
Let k(o) = -36*o**2 + 232*o - 30. Calculate k(11).
-1834
Let q(c) = 6*c**3 - 134*c**2 + 88*c - 1018. Calculate q(22).
-50
Let c(p) = 58133*p - 639434. What is c(11)?
29
Let g(y) = 137*y - 3464. Give g(33).
1057
Let o(q) = 442*q**2 - 1310*q - 30. Determine o(3).
18
Let x(a) = 7*a**2 + 601*a + 523. What is x(-85)?
13
Let q(t) = t**3 - 419*t**2 -